{"id":62,"date":"2025-11-05T07:37:25","date_gmt":"2025-11-05T07:37:25","guid":{"rendered":"https:\/\/lily-gaillard.icca-reims.fr\/?page_id=62"},"modified":"2025-11-07T13:41:02","modified_gmt":"2025-11-07T13:41:02","slug":"mon-site-web","status":"publish","type":"page","link":"https:\/\/lily-gaillard.icca-reims.fr\/?page_id=62","title":{"rendered":"Mon site web"},"content":{"rendered":"\t\t<div data-elementor-type=\"wp-page\" data-elementor-id=\"62\" class=\"elementor elementor-62\" data-elementor-post-type=\"page\">\n\t\t\t\t<div class=\"elementor-element elementor-element-786e17b e-flex e-con-boxed wpr-particle-no wpr-jarallax-no wpr-parallax-no wpr-sticky-section-no wpr-equal-height-no e-con e-parent\" data-id=\"786e17b\" data-element_type=\"container\" data-e-type=\"container\">\n\t\t\t\t\t<div class=\"e-con-inner\">\n\t\t\t\t<div class=\"elementor-element elementor-element-604d3ae elementor-widget elementor-widget-heading\" data-id=\"604d3ae\" data-element_type=\"widget\" data-e-type=\"widget\" data-widget_type=\"heading.default\">\n\t\t\t\t\t<h2 class=\"elementor-heading-title elementor-size-default\">Mon site web<\/h2>\t\t\t\t<\/div>\n\t\t\t\t<div class=\"elementor-element elementor-element-47b8170 elementor-widget elementor-widget-text-editor\" data-id=\"47b8170\" data-element_type=\"widget\" data-e-type=\"widget\" data-widget_type=\"text-editor.default\">\n\t\t\t\t\t\t\t\t\t<p><em>Une salle de pil\u00e2tes\/ yoga<\/em><\/p>\t\t\t\t\t\t\t\t<\/div>\n\t\t\t\t\t<\/div>\n\t\t\t\t<\/div>\n\t\t<div class=\"elementor-element elementor-element-7d2dadb e-flex e-con-boxed wpr-particle-no wpr-jarallax-no wpr-parallax-no wpr-sticky-section-no wpr-equal-height-no e-con e-parent\" data-id=\"7d2dadb\" data-element_type=\"container\" data-e-type=\"container\" data-settings=\"{&quot;background_background&quot;:&quot;classic&quot;}\">\n\t\t\t\t\t<div class=\"e-con-inner\">\n\t\t<div class=\"elementor-element elementor-element-8e961a0 e-con-full e-flex wpr-particle-no wpr-jarallax-no wpr-parallax-no wpr-sticky-section-no wpr-equal-height-no e-con e-child\" data-id=\"8e961a0\" data-element_type=\"container\" data-e-type=\"container\" data-settings=\"{&quot;background_background&quot;:&quot;classic&quot;}\">\n\t\t\t\t<div class=\"elementor-element elementor-element-a324884 elementor-widget__width-initial elementor-absolute elementor-widget elementor-widget-text-editor\" data-id=\"a324884\" data-element_type=\"widget\" data-e-type=\"widget\" data-settings=\"{&quot;_position&quot;:&quot;absolute&quot;}\" data-widget_type=\"text-editor.default\">\n\t\t\t\t\t\t\t\t\t<p>Notre cinqui\u00e8me s\u00e9minaire portait sur le logiciel WordPress , l&rsquo;objectif \u00e9tait de r\u00e9aliser le site internet d&rsquo;une salle de sport que nous avions nous m\u00eame inventer.<\/p><p>J&rsquo;ai donc choisi de r\u00e9aliser une salle de pil\u00e2tes\/yoga dans des ton de rose et beige. J&rsquo;ai souhaiter que mon site internet refl\u00e8te la bienveillance et le bien-\u00eatre de ma salle de sport afin que les clientes se sentent \u00e0 l&rsquo;aise et sans jugement afin de venir se d\u00e9tendre et d&rsquo;oublier les angoisses du quotidien.<\/p><p>Ceci m&rsquo;a permis de r\u00e9flechir concr\u00e9tement au visuel d&rsquo;une marque, a son identit\u00e9 et a se que je souhaite renvoyer tout en apprenant les fondamentaux de WordPress\u00a0 \u00a0<\/p>\t\t\t\t\t\t\t\t<\/div>\n\t\t\t\t<\/div>\n\t\t<div class=\"elementor-element elementor-element-be77e9f e-con-full e-flex wpr-particle-no wpr-jarallax-no wpr-parallax-no wpr-sticky-section-no wpr-equal-height-no e-con e-child\" data-id=\"be77e9f\" data-element_type=\"container\" data-e-type=\"container\">\n\t\t\t\t<div class=\"elementor-element elementor-element-7ef6e99 elementor-absolute elementor-widget elementor-widget-image\" data-id=\"7ef6e99\" data-element_type=\"widget\" data-e-type=\"widget\" data-settings=\"{&quot;_position&quot;:&quot;absolute&quot;}\" data-widget_type=\"image.default\">\n\t\t\t\t\t\t\t\t\t\t\t\t\t\t\t\t<a href=\"https:\/\/gaillard-lily.icca-reims.fr\/\">\n\t\t\t\t\t\t\t<img fetchpriority=\"high\" decoding=\"async\" width=\"940\" height=\"788\" src=\"https:\/\/lily-gaillard.icca-reims.fr\/wp-content\/uploads\/2025\/11\/Mockup-mac-final.png\" class=\"attachment-full size-full wp-image-358\" alt=\"\" srcset=\"https:\/\/lily-gaillard.icca-reims.fr\/wp-content\/uploads\/2025\/11\/Mockup-mac-final.png 940w, https:\/\/lily-gaillard.icca-reims.fr\/wp-content\/uploads\/2025\/11\/Mockup-mac-final-300x251.png 300w, https:\/\/lily-gaillard.icca-reims.fr\/wp-content\/uploads\/2025\/11\/Mockup-mac-final-768x644.png 768w\" sizes=\"(max-width: 940px) 100vw, 940px\" \/>\t\t\t\t\t\t\t\t<\/a>\n\t\t\t\t\t\t\t\t\t\t\t\t\t\t\t<\/div>\n\t\t\t\t<div class=\"elementor-element elementor-element-e7b3eb5 elementor-absolute elementor-widget elementor-widget-button\" data-id=\"e7b3eb5\" data-element_type=\"widget\" data-e-type=\"widget\" data-settings=\"{&quot;_position&quot;:&quot;absolute&quot;}\" data-widget_type=\"button.default\">\n\t\t\t\t\t\t\t\t\t\t<a class=\"elementor-button elementor-button-link elementor-size-sm\" href=\"https:\/\/gaillard-lily.icca-reims.fr\/\">\n\t\t\t\t\t\t<span class=\"elementor-button-content-wrapper\">\n\t\t\t\t\t\t\t\t\t<span class=\"elementor-button-text\">D\u00e9couvrir <\/span>\n\t\t\t\t\t<\/span>\n\t\t\t\t\t<\/a>\n\t\t\t\t\t\t\t\t<\/div>\n\t\t\t\t<\/div>\n\t\t\t\t\t<\/div>\n\t\t\t\t<\/div>\n\t\t\t\t<\/div>\n\t\t","protected":false},"excerpt":{"rendered":"<p>Mon site web Une salle de pil\u00e2tes\/ yoga Notre cinqui\u00e8me s\u00e9minaire portait sur le logiciel WordPress , l&rsquo;objectif \u00e9tait de r\u00e9aliser le site internet d&rsquo;une salle de sport que nous avions nous m\u00eame inventer. J&rsquo;ai donc choisi de r\u00e9aliser une salle de pil\u00e2tes\/yoga dans des ton de rose et beige. J&rsquo;ai souhaiter que mon site internet refl\u00e8te la bienveillance et le bien-\u00eatre de ma salle de sport afin que les clientes se sentent \u00e0 l&rsquo;aise et sans jugement afin de venir se d\u00e9tendre et d&rsquo;oublier les angoisses du quotidien. Ceci m&rsquo;a permis de r\u00e9flechir concr\u00e9tement au visuel d&rsquo;une marque, a son identit\u00e9 et a se que je souhaite renvoyer tout en apprenant les fondamentaux de WordPress\u00a0 \u00a0 D\u00e9couvrir<\/p>\n","protected":false},"author":1,"featured_media":0,"parent":0,"menu_order":0,"comment_status":"closed","ping_status":"closed","template":"","meta":{"footnotes":""},"class_list":["post-62","page","type-page","status-publish","hentry"],"_links":{"self":[{"href":"https:\/\/lily-gaillard.icca-reims.fr\/index.php?rest_route=\/wp\/v2\/pages\/62","targetHints":{"allow":["GET"]}}],"collection":[{"href":"https:\/\/lily-gaillard.icca-reims.fr\/index.php?rest_route=\/wp\/v2\/pages"}],"about":[{"href":"https:\/\/lily-gaillard.icca-reims.fr\/index.php?rest_route=\/wp\/v2\/types\/page"}],"author":[{"embeddable":true,"href":"https:\/\/lily-gaillard.icca-reims.fr\/index.php?rest_route=\/wp\/v2\/users\/1"}],"replies":[{"embeddable":true,"href":"https:\/\/lily-gaillard.icca-reims.fr\/index.php?rest_route=%2Fwp%2Fv2%2Fcomments&post=62"}],"version-history":[{"count":52,"href":"https:\/\/lily-gaillard.icca-reims.fr\/index.php?rest_route=\/wp\/v2\/pages\/62\/revisions"}],"predecessor-version":[{"id":461,"href":"https:\/\/lily-gaillard.icca-reims.fr\/index.php?rest_route=\/wp\/v2\/pages\/62\/revisions\/461"}],"wp:attachment":[{"href":"https:\/\/lily-gaillard.icca-reims.fr\/index.php?rest_route=%2Fwp%2Fv2%2Fmedia&parent=62"}],"curies":[{"name":"wp","href":"https:\/\/api.w.org\/{rel}","templated":true}]}}